e
Is 175355539 prime?
True
Is 20165609 a composite number?
False
Is 1744880401 a prime number?
False
Is 98682173 a prime number?
True
Is 960637 composite?
False
Is 2218439 prime?
True
Is 1081943 a composite number?
True
Is 303535891 a composite number?
False
Is 1721857 prime?
True
Is 254840093 a composite number?
False
Is 123552197 a composite number?
False
Is 291253 a prime number?
True
Is 577781 a prime number?
True
Is 191254163 composite?
False
Is 67895843 prime?
False
Is 96842399 composite?
True
Is 2087997 prime?
False
Is 1543111 composite?
False
Is 1638673 a prime number?
True
Is 138724367 composite?
False
Is 21648203 prime?
True
Is 236377 a composite number?
False
Is 10359121 composite?
False
Is 28481113 prime?
True
Is 22201493 composite?
False
Is 64326733 a composite number?
False
Is 95648705 a prime number?
False
Is 32705753 composite?
False
Is 2903161 prime?
False
Is 116520257 a composite number?
True
Is 12022921 composite?
True
Is 42477233 a prime number?
False
Is 10970129 composite?
True
Is 91912309 prime?
True
Is 4986677 a prime number?
True
Is 86199089 a composite number?
True
Is 179603806 a prime number?
False
Is 1610369 a prime number?
True
Is 226571 composite?
False
Is 24390269 a prime number?
True
Is 89604107 prime?
False
Is 70967879 composite?
True
Is 12193387 prime?
False
Is 303894511 composite?
False
Is 206611 a prime number?
False
Is 257591 prime?
True
Is 588882919 a prime number?
True
Is 5738677 a composite number?
True
Is 82389155 composite?
True
Is 34521649 composite?
False
Is 77577109 a composite number?
True
Is 50466233 prime?
False
Is 186103 composite?
False
Is 8301053 a composite number?
False
Is 123676859 composite?
True
Is 9689327 prime?
True
Is 3653461 a prime number?
False
Is 906571 prime?
False
Is 37001869 composite?
False
Is 15667031 composite?
False
Is 21813619 a prime number?
True
Is 1178277 composite?
True
Is 11433847 a prime number?
True
Is 33635051 a composite number?
False
Is 109675367 composite?
False
Is 19454299 a composite number?
True
Is 150581 a prime number?
False
Is 21830167 a prime number?
True
Is 1275091 a composite number?
True
Is 2636971 a prime number?
True
Is 5685581 composite?
True
Is 156434389 a prime number?
False
Is 1457009 prime?
False
Is 434823413 a prime number?
False
Is 47874311 a prime number?
False
Is 3220967 a prime number?
True
Is 2475911 a composite number?
False
Is 82722617 a composite number?
False
Is 28804462 prime?
False
Is 14819381 composite?
False
Is 748003 prime?
True
Is 1317013 a composite number?
False
Is 206593 prime?
True
Is 38344083 composite?
True
Is 2056193 prime?
True
Is 31620001 composite?
True
Is 8477005 a composite number?
True
Is 52734701 composite?
True
Is 86726371 composite?
False
Is 329843 a composite number?
True
Is 32959477 a prime number?
True
Is 1480861 prime?
True
Is 180694223 a composite number?
True
Is 25249027 composite?
False
Is 188007317 a composite number?
False
Is 27785155 a prime number?
False
Is 11828253 a composite number?
True
Is 74679881 prime?
True
Is 4883169 composite?
True
Is 593014271 a composite number?
False
Is 3043691 a prime number?
False
Is 36501937 a prime number?
True
Is 440008279 composite?
True
Is 29538017 prime?
True
Is 16699873 prime?
True
Is 805673 a prime number?
False
Is 209543221 composite?
False
Is 194720901 a prime number?
False
Is 71371 composite?
True
Is 501451 a composite number?
False
Is 16265261 a composite number?
True
Is 1799137 prime?
True
Is 7531129 prime?
False
Is 10390321 a prime number?
False
Is 29087699 a prime number?
False
Is 5796079 composite?
True
Is 2446879 a composite number?
False
Is 4656763 composite?
False
Is 12942569 a prime number?
False
Is 1984039 composite?
False
Is 116128093 prime?
False
Is 1397833 prime?
True
Is 341653661 composite?
True
Is 12391163 a prime number?
True
Is 32768011 composite?
False
Is 651943 a composite number?
False
Is 80062651 composite?
False
Is 345313 composite?
True
Is 13089521 a prime number?
True
Is 1423447543 prime?
False
Is 12437149 a prime number?
False
Is 16205659 a composite number?
False
Is 2169887 prime?
False
Is 177034519 composite?
True
Is 84045487 prime?
True
Is 75723853 composite?
True
Is 2834693 composite?
False
Is 12595745 a composite number?
True
Is 40089409 composite?
False
Is 29444281 composite?
True
Is 1703381 a prime number?
True
Is 10496441 prime?
False
Is 94229 a composite number?
False
Is 192497 a composite number?
False
Is 13668257 a composite number?
False
Is 102438487 composite?
False
Is 12692299 a composite number?
True
Is 50778251 a prime number?
True
Is 49745783 composite?
False
Is 119859 a composite number?
True
Is 770080534 a prime number?
False
Is 10356977 a composite number?
True
Is 501749 a composite number?
True
Is 2867003 prime?
True
Is 60111349 a composite number?
False
Is 5180807 a prime number?
True
Is 1529083 a prime number?
False
Is 40559 composite?
False
Is 339256213 a prime number?
False
Is 32812121 a prime number?
True
Is 39974954 composite?
True
Is 16888819 a prime number?
True
Is 61922071 composite?
False
Is 15146881 composite?
True
Is 34713967 a composite number?
False
Is 2839657 prime?
True
Is 73796039 a prime number?
False
Is 52310893 prime?
False
Is 4659 prime?
False
Is 4020119 a composite number?
False
Is 50158943 prime?
True
Is 4096195 a prime number?
False
Is 17174089 a composite number?
False
Is 5140957 prime?
True
Is 23142673 a composite number?
False
Is 8448757 prime?
True
Is 109884407 composite?
False
Is 3665767 a composite number?
True
Is 24912023 composite?
False
Is 31313531 a prime number?
True
Is 15785867 a prime number?
True
Is 146816939 a prime number?
True
Is 4447627 a prime number?
True
Is 757457 a composite number?
False
Is 46489013 a composite number?
False
Is 2233725005 a composite number?
True
Is 1808161 a prime number?
True
Is 1422917 a composite number?
True
Is 12338401 a prime number?
False
Is 27531743 composite?
False
Is 7753693 a composite number?
True
Is 145568341 composite?
False
Is 119199263 a composite number?
False
Is 121212613 composite?
False
Is 4438391 a prime number?
True
Is 65652527 composite?
False
Is 15118759 composite?
False
Is 22228431 prime?
False
Is 6239489 a prime number?
True
Is 349347643 a prime number?
True
Is 39134489 a prime number?
False
Is 22430251 prime?
False
Is 21315187 prime?
True
Is 63111121 prime?
True
Is 133167 prime?
False
Is 2392277 composite?
True
Is 720329047 a composite number?
False
Is 133782239 a prime number?
True
Is 106985297 prime?
True
Is 10364626 a prime number?
False
Is 2395882 composite?
True
Is 34857653 a composite number?
False
Is 376081 a prime number?
True
Is 976243 composite?
True
Is 524789 composite?
False
Is 349471 a composite number?
False
Is 3386087 composite?
False
Is 25555601 a prime number?
False
Is 26938073 prime?
False
Is 587539735 a composite number?
True
Is 20386409 a prime number?
True
Is 48350107 a prime number?
False
Is 555251 a composite number?
False
Is 28876807 prime?
True
Is 159106999 a composite number?
False
Is 186076751 composite?
True
Is 29679763 prime?
True
Is 30536269 a composite number?
False
Is 21519791 a composite number?
False
Is 23844637 a composite number?
True
Is 26307217 prime?
True
Is 4274117 a prime number?
False
Is 1287619 a composite number?
True
Is 7748761 a prime number?
True
Is 43851539 a composite number?
False
Is 23969521 composite?
True
Is 2923087 composite?
False
Is 41004307 composite?
False
Is 1615135 prime?
False
Is 46798439 a composite number?
False
Is 69978149 composite?
False
Is 11006243 composite?
False
Is 112830511 prime?
True
Is 19027511 composite?
True
Is 4331251 prime?
True
Is 1204188439 composite?
True
Is 706429 a prime number?
False
Is 3584407 prime?
False
Is 4020671 a composite number?
False
Is 731529929 composite?
True
Is 17464765 prime?
False
Is 3073831 a prime number?
True
Is 33032161 a prime number?
False
Is 590281 a composite number?
True
Is 144552937 a composite number?
False
Is 2197681 composite?
False
Is 460051 prime?
True
Is 11215889 a prime number?
True
Is 647293 composite?
False
Is 57640061 composite?
False
Is 87770687 a composite number?
False
Is 29522117 composite?
False
Is 3460631 prime?
False
Is 1703557 prime?
True
Is 2089117 a composite number?
False
Is 131171 a composite n